{"id":288,"date":"2020-06-14T22:23:30","date_gmt":"2020-06-14T20:23:30","guid":{"rendered":"http:\/\/dein-partyfoto.com\/?page_id=288"},"modified":"2025-04-13T09:08:05","modified_gmt":"2025-04-13T07:08:05","slug":"start","status":"publish","type":"page","link":"https:\/\/dein-partyfoto.com\/?page_id=288","title":{"rendered":"Fotobox &#038; Selfie-Spiegel Nienburg"},"content":{"rendered":"\n<p>Die <strong>Fotobox Nienburg<\/strong> ist wie ein eigenes, kleines, professionelles Fotostudio f\u00fcr Ihre Veranstaltung. Im inneren der Fotobox befindet sich eine professionelle Spiegelreflexkamera, Mini-PC mit Touchscreen, Fotodrucker und einem Studio-Blitz.&nbsp;<\/p>\n\n\n\n<figure class=\"wp-block-gallery has-nested-images columns-default is-cropped wp-block-gallery-1 is-layout-flex wp-block-gallery-is-layout-flex\">\n<figure class=\"wp-block-image size-large\"><img loading=\"lazy\" decoding=\"async\" width=\"1024\" height=\"1024\" data-id=\"371\" src=\"https:\/\/dein-partyfoto.com\/wp-content\/uploads\/2025\/04\/IMG_0560-1024x1024.jpg\" alt=\"\" class=\"wp-image-371\" srcset=\"https:\/\/dein-partyfoto.com\/wp-content\/uploads\/2025\/04\/IMG_0560-1024x1024.jpg 1024w, https:\/\/dein-partyfoto.com\/wp-content\/uploads\/2025\/04\/IMG_0560-300x300.jpg 300w, https:\/\/dein-partyfoto.com\/wp-content\/uploads\/2025\/04\/IMG_0560-150x150.jpg 150w, https:\/\/dein-partyfoto.com\/wp-content\/uploads\/2025\/04\/IMG_0560-768x768.jpg 768w, https:\/\/dein-partyfoto.com\/wp-content\/uploads\/2025\/04\/IMG_0560-1536x1536.jpg 1536w, https:\/\/dein-partyfoto.com\/wp-content\/uploads\/2025\/04\/IMG_0560-2048x2048.jpg 2048w, https:\/\/dein-partyfoto.com\/wp-content\/uploads\/2025\/04\/IMG_0560-400x400.jpg 400w\" sizes=\"auto, (max-width: 1024px) 100vw, 1024px\" \/><\/figure>\n\n\n\n<figure class=\"wp-block-image size-large\"><img loading=\"lazy\" decoding=\"async\" width=\"1024\" height=\"1024\" data-id=\"293\" src=\"http:\/\/dein-partyfoto.com\/wp-content\/uploads\/2020\/06\/Foto-10.11.18-21-01-29-1-1024x1024.jpg\" alt=\"\" class=\"wp-image-293\" srcset=\"https:\/\/dein-partyfoto.com\/wp-content\/uploads\/2020\/06\/Foto-10.11.18-21-01-29-1-1024x1024.jpg 1024w, https:\/\/dein-partyfoto.com\/wp-content\/uploads\/2020\/06\/Foto-10.11.18-21-01-29-1-300x300.jpg 300w, https:\/\/dein-partyfoto.com\/wp-content\/uploads\/2020\/06\/Foto-10.11.18-21-01-29-1-150x150.jpg 150w, https:\/\/dein-partyfoto.com\/wp-content\/uploads\/2020\/06\/Foto-10.11.18-21-01-29-1-768x768.jpg 768w, https:\/\/dein-partyfoto.com\/wp-content\/uploads\/2020\/06\/Foto-10.11.18-21-01-29-1-1536x1536.jpg 1536w, https:\/\/dein-partyfoto.com\/wp-content\/uploads\/2020\/06\/Foto-10.11.18-21-01-29-1-2048x2048.jpg 2048w, https:\/\/dein-partyfoto.com\/wp-content\/uploads\/2020\/06\/Foto-10.11.18-21-01-29-1-400x400.jpg 400w\" sizes=\"auto, (max-width: 1024px) 100vw, 1024px\" \/><\/figure>\n\n\n\n<figure class=\"wp-block-image size-large\"><img loading=\"lazy\" decoding=\"async\" width=\"1024\" height=\"1024\" data-id=\"344\" src=\"http:\/\/dein-partyfoto.com\/wp-content\/uploads\/2024\/08\/IMG_3858-1024x1024.jpg\" alt=\"\" class=\"wp-image-344\" srcset=\"https:\/\/dein-partyfoto.com\/wp-content\/uploads\/2024\/08\/IMG_3858-1024x1024.jpg 1024w, https:\/\/dein-partyfoto.com\/wp-content\/uploads\/2024\/08\/IMG_3858-300x300.jpg 300w, https:\/\/dein-partyfoto.com\/wp-content\/uploads\/2024\/08\/IMG_3858-150x150.jpg 150w, https:\/\/dein-partyfoto.com\/wp-content\/uploads\/2024\/08\/IMG_3858-768x768.jpg 768w, https:\/\/dein-partyfoto.com\/wp-content\/uploads\/2024\/08\/IMG_3858-1536x1536.jpg 1536w, https:\/\/dein-partyfoto.com\/wp-content\/uploads\/2024\/08\/IMG_3858-2048x2048.jpg 2048w, https:\/\/dein-partyfoto.com\/wp-content\/uploads\/2024\/08\/IMG_3858-400x400.jpg 400w\" sizes=\"auto, (max-width: 1024px) 100vw, 1024px\" \/><\/figure>\n<\/figure>\n\n\n\n<p><strong>Der Unterschied zum Fotografen:<\/strong><br>Hier hat nicht der Fotograf die Kontrolle, sondern die G\u00e4ste selbst! So entstehen ganz besondere Aufnahmen. Absolut ungezwungen und mit einem riesigen Spa\u00dffaktor. Egal ob jung oder alt. Alle sind begeistert. Die zur Verf\u00fcgung gestellten Requisiten machen Ihre Fotos noch einzigartiger.<\/p>\n\n\n\n<h2 class=\"wp-block-heading\">Selfie-Spiegel<\/h2>\n\n\n\n<p>Fotospiegel | magic mirror | mirrorbooth | Spiegel Photobooth<\/p>\n\n\n\n<p>Der Selfie-Spiegel ist eine Fotobox in einem riesigen 65 Zoll Spiegel mit Barockrahmen und LED Beleuchtung.  Im inneren vom Selfie-Spiegel befindet sich ein 65 Zoll Mirror mit Multi Touch, eine professionelle Spiegelreflexkamera sowie Studioblitz f\u00fcr beste Bildqualit\u00e4t und Thermosublimationsdrucker f\u00fcr den Sofortdruck der Fotos in Laborqualit\u00e4t. <\/p>\n\n\n\n<figure class=\"wp-block-gallery has-nested-images columns-default is-cropped wp-block-gallery-2 is-layout-flex wp-block-gallery-is-layout-flex\">\n<figure class=\"wp-block-image size-large\"><img loading=\"lazy\" decoding=\"async\" width=\"1024\" height=\"768\" data-id=\"359\" src=\"http:\/\/dein-partyfoto.com\/wp-content\/uploads\/2024\/09\/Selfie-Spiegel-1024x768.jpg\" alt=\"\" class=\"wp-image-359\" srcset=\"https:\/\/dein-partyfoto.com\/wp-content\/uploads\/2024\/09\/Selfie-Spiegel-1024x768.jpg 1024w, https:\/\/dein-partyfoto.com\/wp-content\/uploads\/2024\/09\/Selfie-Spiegel-300x225.jpg 300w, https:\/\/dein-partyfoto.com\/wp-content\/uploads\/2024\/09\/Selfie-Spiegel-768x576.jpg 768w, https:\/\/dein-partyfoto.com\/wp-content\/uploads\/2024\/09\/Selfie-Spiegel-1536x1152.jpg 1536w, https:\/\/dein-partyfoto.com\/wp-content\/uploads\/2024\/09\/Selfie-Spiegel-400x300.jpg 400w, https:\/\/dein-partyfoto.com\/wp-content\/uploads\/2024\/09\/Selfie-Spiegel.jpg 1600w\" sizes=\"auto, (max-width: 1024px) 100vw, 1024px\" \/><\/figure>\n\n\n\n<figure class=\"wp-block-image size-large\"><img loading=\"lazy\" decoding=\"async\" width=\"1024\" height=\"1024\" data-id=\"360\" src=\"http:\/\/dein-partyfoto.com\/wp-content\/uploads\/2024\/09\/Selfie-Spiegel_2-1024x1024.jpg\" alt=\"\" class=\"wp-image-360\" srcset=\"https:\/\/dein-partyfoto.com\/wp-content\/uploads\/2024\/09\/Selfie-Spiegel_2-1024x1024.jpg 1024w, https:\/\/dein-partyfoto.com\/wp-content\/uploads\/2024\/09\/Selfie-Spiegel_2-300x300.jpg 300w, https:\/\/dein-partyfoto.com\/wp-content\/uploads\/2024\/09\/Selfie-Spiegel_2-150x150.jpg 150w, https:\/\/dein-partyfoto.com\/wp-content\/uploads\/2024\/09\/Selfie-Spiegel_2-768x768.jpg 768w, https:\/\/dein-partyfoto.com\/wp-content\/uploads\/2024\/09\/Selfie-Spiegel_2-1536x1536.jpg 1536w, https:\/\/dein-partyfoto.com\/wp-content\/uploads\/2024\/09\/Selfie-Spiegel_2-2048x2048.jpg 2048w, https:\/\/dein-partyfoto.com\/wp-content\/uploads\/2024\/09\/Selfie-Spiegel_2-400x400.jpg 400w\" sizes=\"auto, (max-width: 1024px) 100vw, 1024px\" \/><\/figure>\n<\/figure>\n\n\n\n<p><strong>Wie funktioniert&#8217;s&#8230;<\/strong><br>Accessoires aussuchen, zum Starten den Bildschirm ber\u00fchren oder Buzzer dr\u00fccken &#8211; und der Spa\u00df geht los! Vor jedem Foto erscheint ein Countdown auf dem Bildschirm. Anschlie\u00dfend wird das Foto direkt ausgedruckt. Weiter kann das Foto via Fotobox WLAN direkt auf&#8217;s Smartphone geladen werden und am n\u00e4chsten Tag steht das Foto in der passwortgesicherten Online Galerie zum anschauen, teilen und downloaden bereit. <\/p>\n\n\n\n<figure class=\"wp-block-gallery has-nested-images columns-default is-cropped wp-block-gallery-3 is-layout-flex wp-block-gallery-is-layout-flex\">\n<figure class=\"wp-block-image size-large\"><img loading=\"lazy\" decoding=\"async\" width=\"683\" height=\"1024\" data-id=\"227\" src=\"http:\/\/dein-partyfoto.com\/wp-content\/uploads\/2019\/05\/MSBClassic05-683x1024.jpg\" alt=\"\" class=\"wp-image-227\" srcset=\"https:\/\/dein-partyfoto.com\/wp-content\/uploads\/2019\/05\/MSBClassic05-683x1024.jpg 683w, https:\/\/dein-partyfoto.com\/wp-content\/uploads\/2019\/05\/MSBClassic05-200x300.jpg 200w, https:\/\/dein-partyfoto.com\/wp-content\/uploads\/2019\/05\/MSBClassic05-768x1152.jpg 768w, https:\/\/dein-partyfoto.com\/wp-content\/uploads\/2019\/05\/MSBClassic05-400x600.jpg 400w, https:\/\/dein-partyfoto.com\/wp-content\/uploads\/2019\/05\/MSBClassic05.jpg 1280w\" sizes=\"auto, (max-width: 683px) 100vw, 683px\" \/><\/figure>\n\n\n\n<figure class=\"wp-block-image size-large\"><img loading=\"lazy\" decoding=\"async\" width=\"683\" height=\"1024\" data-id=\"223\" src=\"http:\/\/dein-partyfoto.com\/wp-content\/uploads\/2019\/05\/MSBClassic01-683x1024.jpg\" alt=\"\" class=\"wp-image-223\" srcset=\"https:\/\/dein-partyfoto.com\/wp-content\/uploads\/2019\/05\/MSBClassic01-683x1024.jpg 683w, https:\/\/dein-partyfoto.com\/wp-content\/uploads\/2019\/05\/MSBClassic01-200x300.jpg 200w, https:\/\/dein-partyfoto.com\/wp-content\/uploads\/2019\/05\/MSBClassic01-768x1152.jpg 768w, https:\/\/dein-partyfoto.com\/wp-content\/uploads\/2019\/05\/MSBClassic01-400x600.jpg 400w, https:\/\/dein-partyfoto.com\/wp-content\/uploads\/2019\/05\/MSBClassic01.jpg 1280w\" sizes=\"auto, (max-width: 683px) 100vw, 683px\" \/><\/figure>\n\n\n\n<figure class=\"wp-block-image size-large\"><img loading=\"lazy\" decoding=\"async\" width=\"1024\" height=\"683\" data-id=\"222\" src=\"http:\/\/dein-partyfoto.com\/wp-content\/uploads\/2019\/05\/MSBClassic06-1024x683.jpg\" alt=\"\" class=\"wp-image-222\" srcset=\"https:\/\/dein-partyfoto.com\/wp-content\/uploads\/2019\/05\/MSBClassic06-1024x683.jpg 1024w, https:\/\/dein-partyfoto.com\/wp-content\/uploads\/2019\/05\/MSBClassic06-300x200.jpg 300w, https:\/\/dein-partyfoto.com\/wp-content\/uploads\/2019\/05\/MSBClassic06-768x512.jpg 768w, https:\/\/dein-partyfoto.com\/wp-content\/uploads\/2019\/05\/MSBClassic06-400x267.jpg 400w, https:\/\/dein-partyfoto.com\/wp-content\/uploads\/2019\/05\/MSBClassic06.jpg 1920w\" sizes=\"auto, (max-width: 1024px) 100vw, 1024px\" \/><\/figure>\n\n\n\n<figure class=\"wp-block-image size-large\"><img loading=\"lazy\" decoding=\"async\" width=\"1024\" height=\"1024\" data-id=\"175\" src=\"http:\/\/dein-partyfoto.com\/wp-content\/uploads\/2019\/03\/52828053_329625897660908_8945331724015894528_n-1024x1024.jpg\" alt=\"\" class=\"wp-image-175\" srcset=\"https:\/\/dein-partyfoto.com\/wp-content\/uploads\/2019\/03\/52828053_329625897660908_8945331724015894528_n-1024x1024.jpg 1024w, https:\/\/dein-partyfoto.com\/wp-content\/uploads\/2019\/03\/52828053_329625897660908_8945331724015894528_n-150x150.jpg 150w, https:\/\/dein-partyfoto.com\/wp-content\/uploads\/2019\/03\/52828053_329625897660908_8945331724015894528_n-300x300.jpg 300w, https:\/\/dein-partyfoto.com\/wp-content\/uploads\/2019\/03\/52828053_329625897660908_8945331724015894528_n-768x768.jpg 768w, https:\/\/dein-partyfoto.com\/wp-content\/uploads\/2019\/03\/52828053_329625897660908_8945331724015894528_n-400x400.jpg 400w\" sizes=\"auto, (max-width: 1024px) 100vw, 1024px\" \/><\/figure>\n\n\n\n<figure class=\"wp-block-image size-large\"><img loading=\"lazy\" decoding=\"async\" width=\"768\" height=\"1024\" data-id=\"259\" src=\"http:\/\/dein-partyfoto.com\/wp-content\/uploads\/2020\/06\/Foto-28.07.19-15-06-39.jpg\" alt=\"\" class=\"wp-image-259\" srcset=\"https:\/\/dein-partyfoto.com\/wp-content\/uploads\/2020\/06\/Foto-28.07.19-15-06-39.jpg 768w, https:\/\/dein-partyfoto.com\/wp-content\/uploads\/2020\/06\/Foto-28.07.19-15-06-39-225x300.jpg 225w, https:\/\/dein-partyfoto.com\/wp-content\/uploads\/2020\/06\/Foto-28.07.19-15-06-39-400x533.jpg 400w\" sizes=\"auto, (max-width: 768px) 100vw, 768px\" \/><\/figure>\n\n\n\n<figure class=\"wp-block-image size-large\"><img loading=\"lazy\" decoding=\"async\" width=\"1024\" height=\"1024\" data-id=\"177\" src=\"http:\/\/dein-partyfoto.com\/wp-content\/uploads\/2019\/03\/50734526_232884150981647_4784681739127619584_n-1024x1024.jpg\" alt=\"\" class=\"wp-image-177\" srcset=\"https:\/\/dein-partyfoto.com\/wp-content\/uploads\/2019\/03\/50734526_232884150981647_4784681739127619584_n-1024x1024.jpg 1024w, https:\/\/dein-partyfoto.com\/wp-content\/uploads\/2019\/03\/50734526_232884150981647_4784681739127619584_n-150x150.jpg 150w, https:\/\/dein-partyfoto.com\/wp-content\/uploads\/2019\/03\/50734526_232884150981647_4784681739127619584_n-300x300.jpg 300w, https:\/\/dein-partyfoto.com\/wp-content\/uploads\/2019\/03\/50734526_232884150981647_4784681739127619584_n-768x768.jpg 768w, https:\/\/dein-partyfoto.com\/wp-content\/uploads\/2019\/03\/50734526_232884150981647_4784681739127619584_n-400x400.jpg 400w\" sizes=\"auto, (max-width: 1024px) 100vw, 1024px\" \/><\/figure>\n<\/figure>\n","protected":false},"excerpt":{"rendered":"<p>Die Fotobox Nienburg ist wie ein eigenes, kleines, professionelles Fotostudio f\u00fcr Ihre Veranstaltung. Im inneren der Fotobox befindet sich eine professionelle Spiegelreflexkamera, Mini-PC mit Touchscreen, Fotodrucker und einem Studio-Blitz.&nbsp; Der&hellip;<\/p>\n<div class=\"read-more\"><a href=\"https:\/\/dein-partyfoto.com\/?page_id=288\" class=\"read-more-link\">See More<\/a><\/div>\n","protected":false},"author":1,"featured_media":0,"parent":0,"menu_order":0,"comment_status":"closed","ping_status":"closed","template":"","meta":{"footnotes":""},"class_list":["post-288","page","type-page","status-publish","hentry"],"_links":{"self":[{"href":"https:\/\/dein-partyfoto.com\/index.php?rest_route=\/wp\/v2\/pages\/288","targetHints":{"allow":["GET"]}}],"collection":[{"href":"https:\/\/dein-partyfoto.com\/index.php?rest_route=\/wp\/v2\/pages"}],"about":[{"href":"https:\/\/dein-partyfoto.com\/index.php?rest_route=\/wp\/v2\/types\/page"}],"author":[{"embeddable":true,"href":"https:\/\/dein-partyfoto.com\/index.php?rest_route=\/wp\/v2\/users\/1"}],"replies":[{"embeddable":true,"href":"https:\/\/dein-partyfoto.com\/index.php?rest_route=%2Fwp%2Fv2%2Fcomments&post=288"}],"version-history":[{"count":12,"href":"https:\/\/dein-partyfoto.com\/index.php?rest_route=\/wp\/v2\/pages\/288\/revisions"}],"predecessor-version":[{"id":373,"href":"https:\/\/dein-partyfoto.com\/index.php?rest_route=\/wp\/v2\/pages\/288\/revisions\/373"}],"wp:attachment":[{"href":"https:\/\/dein-partyfoto.com\/index.php?rest_route=%2Fwp%2Fv2%2Fmedia&parent=288"}],"curies":[{"name":"wp","href":"https:\/\/api.w.org\/{rel}","templated":true}]}}